rivative of 0 - 2*q**2 + 1/6*q**3 + 0*q - 1/12*q**4. List the prime factors of f(-2).
5
Let r = -148 + 311. Let s = r + -107. What are the prime factors of s?
2, 7
Let z(j) = 5*j**2 + 9*j + 34. List the prime factors of z(-9).
2, 179
Let c(m) = 20*m**3 - 2*m**2 - 28*m + 88. List the prime factors of c(4).
2, 3, 17
Let z(l) = 4*l**2 + 6*l - 1. Suppose -11*m + 10*m - 7 = 0. List the prime factors of z(m).
3, 17
Let d = 49 + 198. Let k = -114 + d. List the prime factors of k.
7, 19
Let h(d) = -2*d**2 - d - 4. Let u be h(0). What are the prime factors of 328/u*4/(-8)?
41
Let k(g) = 20*g**2 + 1. Let i(p) = -2*p + 9. Let h be i(5). Let u be k(h). Suppose 5*d = 20, 3*y - u = -2*d + 26. What are the prime factors of y?
13
Let w(u) = 6*u**2 + 18*u + 6. Let v(d) = d**3 + 8*d**2 + 5*d + 34. Let a be v(-8). What are the prime factors of w(a)?
2, 3, 19
Let v(n) = 22*n - 6. Let o be v(3). Suppose -2*u - u + 33 = -3*p, -4*u + o = 4*p. List the prime factors of (u - 16) + 33 + 1.
31
Let g(c) be the second derivative of 0 - 1/2*c**2 + 1/6*c**3 - 2*c + 1/4*c**4. List the prime factors of g(-3).
23
Let q be (4/(-8))/(2/(-36)). Let m(r) = r**3 - 7*r**2 - 11*r - 13. What are the prime factors of m(q)?
2, 5
Suppose -4*o - 185 = o. Let d = o + 83. Let h = d - 29. What are the prime factors of h?
17
Let n(d) = 31*d**3 - 3*d + 2. Let j be n(1). Suppose 132 = 6*m - j. List the prime factors of m.
3
Let n(a) = -a**3 + 9*a**2 + 4. Let o be n(9). Suppose -2*d + o*d = 0. Suppose d = 8*x - 273 - 79. What are the prime factors of x?
2, 11
Suppose 2*o - 5*h - 1818 = -7*h, -o = 4*h - 912. What are the prime factors of o?
2, 227
Let c(g) = -869*g + 6. What are the prime factors of c(-1)?
5, 7
Let k(v) = -v**2 - v. Let y be k(-1). Suppose y = 4*j + 5 - 13. List the prime factors of ((-11)/(-33))/(j/72).
2, 3
Suppose 3*m + 11 = -4. Let r be (-58)/(m/(5/2)). Suppose 5*n - r = -b + 2, 3*b - 103 = -5*n. List the prime factors of b.
2, 3
Suppose 6*c = -2*c + 2624. Suppose -3*i - i = -3*z - c, 4 = -z. List the prime factors of i.
79
Let l be (68/8 - -2)*(-6)/(-9). Suppose -869 = -4*p - l*p. What are the prime factors of p?
79
Let l be 6/15 + (-78)/(-5). Suppose 5 = -m, 0 = q + 5*m + l - 113. Suppose -3*f + q = -4*n, -2*f = -f - 3*n - 49. What are the prime factors of f?
2, 17
Let m = -14 - -26. Let x = -12 + m. Suppose -k + 38 - 2 = x. List the prime factors of k.
2, 3
Suppose 13*y = 2145 + 533. What are the prime factors of y?
2, 103
Let j(p) = -84*p + 6. Let t be j(-1). List the prime factors of ((-65)/(-2))/1*288/t.
2, 13
Let w(u) = -u**3 - 9*u**2 + 41*u - 138. What are the prime factors of w(-19)?
2693
Let y(o) = -65*o**2 - 3*o - 2. Let z be y(-1). Let h = z - -108. List the prime factors of h.
2, 11
Let w(m) = m**3 - 18*m**2 + 3*m - 29. List the prime factors of w(18).
5
Suppose 2*z = -3*z - 2*v + 600, v = 0. Let r = z - 48. List the prime factors of r.
2, 3
Let h be (-2)/(-3*6/9). List the prime factors of -44*(8/(-4) - 0) - h.
3, 29
Suppose 5*s + 5*c - 225 = 0, -4*c + 5*c = 5*s - 225. Suppose 19 + s = -2*o. Let g = -1 - o. What are the prime factors of g?
31
What are the prime factors of ((-4956)/18)/(80/(-15) + 5)?
2, 7, 59
Let a(s) = 1049*s**2 + 5*s + 1. What are the prime factors of a(1)?
5, 211
Let o(r) = 25*r - 36. Let c be o(-11). List the prime factors of (-7 - -8 - 2)*(c - 1).
2, 3, 13
Let o be (-3 + (-8)/(-2))*-12. Let w = o + 10. What are the prime factors of 3*9 + w + 1?
2, 13
Let c be 18/3*(51/(-2) - -4). Let i = -55 - c. List the prime factors of i.
2, 37
Let o = 1256 + -767. List the prime factors of o.
3, 163
Let f(j) = 23*j**2 - 10*j + 30. What are the prime factors of f(3)?
3, 23
What are the prime factors of (1038/27*-3)/(1/(-57))?
2, 19, 173
Suppose 0 = 3*w + 4*g - g + 612, -2*g = -3*w - 587. Let r = w - -320. List the prime factors of r.
11
Let f(z) = -3*z**2 - 6*z + 2*z**2 + 5*z - 18 + 0*z. Let o be f(0). What are the prime factors of (-2)/(74/o + 4)?
2, 3
Suppose 92 - 16 = -a + 5*c, 0 = -4*c - 20. Let y = a + 202. Suppose 0 = -5*l - 3*r + y, r + 93 = 3*l + 2*l. What are the prime factors of l?
19
Suppose 3*y - 1 = 8. Suppose -y*k + 25 = 2*d, -2*d + 20 = 2*d. Suppose -2*p + k*q = -25, 36 = 4*p + 2*q - 74. List the prime factors of p.
5
Let v(i) = -11*i - 9. Let s = -1 - -3. Suppose 5*h + s*j + 27 = 3*j, -h - 4*j = -3. List the prime factors of v(h).
2, 23
Let s(y) = -y**3 + 9*y**2 - 7*y + 8. Let v be s(7). Suppose o = v + 9. Suppose -3*l + 3 = -o. What are the prime factors of l?
23
Suppose -18*t - 31*t = -42189. List the prime factors of t.
3, 7, 41
What are the prime factors of (-96)/(-14)*((-20)/(-8) + 1)?
2, 3
Let p = 253 - 37. List the prime factors of p.
2, 3
Suppose -3*a + 26 = 2*b - 17, 0 = 3*a + 3. Suppose -19*d = -b*d. Suppose d*f = 2*f - 114. What are the prime factors of f?
3, 19
Let g(d) = -8*d - 11. Let x(j) = j**3 - 16*j**2 - j + 20. Let f be x(16). Suppose 2*m - 6 = 0, -f*m - 8 = -z - 9*m. What are the prime factors of g(z)?
3, 5
Let p(r) = -r**3 - 16*r**2 + 46*r - 32. List the prime factors of p(-19).
3, 59
Let h(u) = 6*u**3 - 5*u**2 + 4*u + 2. What are the prime factors of h(4)?
2, 7, 23
Let l(u) = -u + 15*u**2 + 0*u + 22 - 15 - 2*u**3. List the prime factors of l(7).
7
Suppose -4*j - 5*l + 381 = 53, l = 5*j - 381. What are the prime factors of j?
7, 11
Let j be -2 - 0 - (-10 - -5). Suppose -j*l - 2*p = l - 554, -p = -4*l + 551. List the prime factors of l.
2, 3, 23
Let j = 32 - 26. Suppose -j*k - 53 = -401. What are the prime factors of k?
2, 29
Suppose 5*u - 5*s - 10 = 0, 3*s + 3 + 3 = 0. Suppose u*k = 3*k + 4*q - 76, -5*q = -2*k + 43. Let g = 6 + k. List the prime factors of g.
2, 3, 5
Let o(d) = -4*d - 20. Let j be o(-6). Suppose -j*k = -0 - 20. Suppose 98 + 12 = k*f. List the prime factors of f.
2, 11
Let d(u) = -137*u - 1118. List the prime factors of d(-26).
2, 13, 47
Suppose -4*u + 626 = -5826. List the prime factors of u.
1613
Suppose 12*t = 3213 + 3075. List the prime factors of t.
2, 131
Suppose -2*w + 55 = -465. What are the prime factors of w?
2, 5, 13
Let u be 40/10 - (-1 - 0). Suppose 0 = -5*p + 4*x + 292, -x + 68 = p - u*x. What are the prime factors of p?
2, 7
Let g = 243 + 58. Suppose -g + 31 = -5*c. List the prime factors of c.
2, 3
Let g(j) = j**2 - 11*j - 17. Let u(n) = -n**2 + 11*n + 17. Let x(r) = -5*g(r) - 4*u(r). List the prime factors of x(9).
5, 7
Let q(i) = -3*i**3 - i**2 - 2*i - 1. Let u = 74 - 75. What are the prime factors of q(u)?
3
Suppose 0 = -2*z + 5*x + 158, -72 = -z - 4*x + 20. List the prime factors of z.
2, 3, 7
Let h = 73 + -114. Let d be (h - -1)*24/(-10). Let a = -49 + d. What are the prime factors of a?
47
Suppose -c + 0*c - 5*x = -611, 0 = -x - 1. Suppose c = f + 6*f. List the prime factors of f.
2, 11
Let q(t) = t**2 + 7*t + 11. Let u be q(-5). List the prime factors of (10 - -1)*(u - -4).
5, 11
Suppose m = -3*i + 4318, -11*i - 4*m = -12*i + 1422. List the prime factors of i.
2, 719
Suppose 50926 + 201675 = 41*t. List the prime factors of t.
61, 101
Let y be (-4)/(7/((-42)/(-4))). Let w be (2 - 0)*(-9)/y. List the prime factors of 32/(w/((-27)/(-6))).
2, 3
Let r(b) = 3*b**2 - b. Let z be r(3). Let q = 64 - z. What are the prime factors of q?
2, 5
Let f(r) = 44*r**2 + 4*r + 3. Let s = 33 - 34. What are the prime factors of f(s)?
43
Let l = 148 - -78. List the prime factors of l.
2, 113
Let b(r) = -r**3 + 4*r**2 - r + 176. What are the prime factors of b(0)?
2, 11
Let i(c) = c**3 - 9*c**2 + 6. Let m be i(9). Suppose -m*q - 220 = -10*q. List the prime factors of q.
5, 11
List the prime factors of 60/(-36)*(-201 - 0).
5, 67
Suppose -17*k = -16*k + 1. Let c be k/5 - (-21726)/(-45). What are the prime factors of c/(-46) - (-3)/(-2)?
3
Let n = -38 - -62. Let l = -79 + 165. Suppose 2*v + 0*v - 4*d = n, -l = -3*v - 4*d. List the prime factors of v.
2, 11
List the prime factors of 18 - 30 - 4715/(-1).
4703
Let p(v) = 6*v**3 + 6*v**2 - 9*v + 4. What are the prime factors of p(4)?
2, 7
Suppose -4*d - 4 = -6*d. Suppose -d*u - 132 = -2*r, -12 = -4*r - 4. Let k = -38 - u. What are the prime factors of k?
2, 13
Suppose -3*v + 5*q + 2432 = 4*q, -5*v + 3*q = -4056. What are the prime factors of v?
2, 3, 5
Suppose 0 = 16*x - 1412 - 1164. What are the prime factors of x?
7, 23
Suppose 5 = -2*s - 5*y, -3*s + 0*